{"id":193,"date":"2026-01-04T22:00:29","date_gmt":"2026-01-04T22:00:29","guid":{"rendered":"https:\/\/fairytaleleather.fi\/site\/?page_id=193"},"modified":"2026-02-11T00:25:36","modified_gmt":"2026-02-10T22:25:36","slug":"ota-yhteytta","status":"publish","type":"page","link":"https:\/\/fairytaleleather.fi\/site\/ota-yhteytta\/","title":{"rendered":"Ota yhteytt\u00e4"},"content":{"rendered":"\n<h2 class=\"wp-block-heading has-text-align-center has-large-font-size\">Suutari <\/h2>\n\n\n\n<h2 class=\"wp-block-heading has-text-align-center is-style-default\" style=\"font-size:clamp(1.039rem, 1.039rem + ((1vw - 0.2rem) * 0.88), 1.6rem);\">Satu R\u00f6pp\u00e4nen<\/h2>\n\n\n\n<p class=\"has-text-align-center has-x-large-font-size\">\ud83d\udcde 040 182 7080<\/p>\n\n\n\n<p class=\"has-text-align-center\"><a href=\"mailto:satumainen@fairytaleleather.fi\">satumainen(at)fairytaleleather.fi<\/a><\/p>\n\n\n\n<div style=\"height:41px\" aria-hidden=\"true\" class=\"wp-block-spacer\"><\/div>\n\n\n\n<ul class=\"wp-block-social-links aligncenter has-visible-labels is-layout-flex wp-block-social-links-is-layout-flex\"><li class=\"wp-social-link wp-social-link-instagram  wp-block-social-link\"><a rel=\"noopener nofollow\" target=\"_blank\" href=\"https:\/\/www.instagram.com\/satumainen.fairytale\/\" class=\"wp-block-social-link-anchor\"><svg width=\"24\" height=\"24\" viewBox=\"0 0 24 24\" version=\"1.1\" xmlns=\"http:\/\/www.w3.org\/2000\/svg\" aria-hidden=\"true\" focusable=\"false\"><path d=\"M12,4.622c2.403,0,2.688,0.009,3.637,0.052c0.877,0.04,1.354,0.187,1.671,0.31c0.42,0.163,0.72,0.358,1.035,0.673 c0.315,0.315,0.51,0.615,0.673,1.035c0.123,0.317,0.27,0.794,0.31,1.671c0.043,0.949,0.052,1.234,0.052,3.637 s-0.009,2.688-0.052,3.637c-0.04,0.877-0.187,1.354-0.31,1.671c-0.163,0.42-0.358,0.72-0.673,1.035 c-0.315,0.315-0.615,0.51-1.035,0.673c-0.317,0.123-0.794,0.27-1.671,0.31c-0.949,0.043-1.233,0.052-3.637,0.052 s-2.688-0.009-3.637-0.052c-0.877-0.04-1.354-0.187-1.671-0.31c-0.42-0.163-0.72-0.358-1.035-0.673 c-0.315-0.315-0.51-0.615-0.673-1.035c-0.123-0.317-0.27-0.794-0.31-1.671C4.631,14.688,4.622,14.403,4.622,12 s0.009-2.688,0.052-3.637c0.04-0.877,0.187-1.354,0.31-1.671c0.163-0.42,0.358-0.72,0.673-1.035 c0.315-0.315,0.615-0.51,1.035-0.673c0.317-0.123,0.794-0.27,1.671-0.31C9.312,4.631,9.597,4.622,12,4.622 M12,3 C9.556,3,9.249,3.01,8.289,3.054C7.331,3.098,6.677,3.25,6.105,3.472C5.513,3.702,5.011,4.01,4.511,4.511 c-0.5,0.5-0.808,1.002-1.038,1.594C3.25,6.677,3.098,7.331,3.054,8.289C3.01,9.249,3,9.556,3,12c0,2.444,0.01,2.751,0.054,3.711 c0.044,0.958,0.196,1.612,0.418,2.185c0.23,0.592,0.538,1.094,1.038,1.594c0.5,0.5,1.002,0.808,1.594,1.038 c0.572,0.222,1.227,0.375,2.185,0.418C9.249,20.99,9.556,21,12,21s2.751-0.01,3.711-0.054c0.958-0.044,1.612-0.196,2.185-0.418 c0.592-0.23,1.094-0.538,1.594-1.038c0.5-0.5,0.808-1.002,1.038-1.594c0.222-0.572,0.375-1.227,0.418-2.185 C20.99,14.751,21,14.444,21,12s-0.01-2.751-0.054-3.711c-0.044-0.958-0.196-1.612-0.418-2.185c-0.23-0.592-0.538-1.094-1.038-1.594 c-0.5-0.5-1.002-0.808-1.594-1.038c-0.572-0.222-1.227-0.375-2.185-0.418C14.751,3.01,14.444,3,12,3L12,3z M12,7.378 c-2.552,0-4.622,2.069-4.622,4.622S9.448,16.622,12,16.622s4.622-2.069,4.622-4.622S14.552,7.378,12,7.378z M12,15 c-1.657,0-3-1.343-3-3s1.343-3,3-3s3,1.343,3,3S13.657,15,12,15z M16.804,6.116c-0.596,0-1.08,0.484-1.08,1.08 s0.484,1.08,1.08,1.08c0.596,0,1.08-0.484,1.08-1.08S17.401,6.116,16.804,6.116z\"><\/path><\/svg><span class=\"wp-block-social-link-label\">Instagram<\/span><\/a><\/li>\n\n<li class=\"wp-social-link wp-social-link-facebook  wp-block-social-link\"><a rel=\"noopener nofollow\" target=\"_blank\" href=\"https:\/\/www.facebook.com\/p\/Fairytale-Leather-61558577761225\/\" class=\"wp-block-social-link-anchor\"><svg width=\"24\" height=\"24\" viewBox=\"0 0 24 24\" version=\"1.1\" xmlns=\"http:\/\/www.w3.org\/2000\/svg\" aria-hidden=\"true\" focusable=\"false\"><path d=\"M12 2C6.5 2 2 6.5 2 12c0 5 3.7 9.1 8.4 9.9v-7H7.9V12h2.5V9.8c0-2.5 1.5-3.9 3.8-3.9 1.1 0 2.2.2 2.2.2v2.5h-1.3c-1.2 0-1.6.8-1.6 1.6V12h2.8l-.4 2.9h-2.3v7C18.3 21.1 22 17 22 12c0-5.5-4.5-10-10-10z\"><\/path><\/svg><span class=\"wp-block-social-link-label\">Facebook<\/span><\/a><\/li><\/ul>\n\n\n\n<div class=\"wp-block-jetpack-send-a-message\">\n<div class=\"wp-block-jetpack-whatsapp-button aligncenter is-color-dark\"><a class=\"whatsapp-block__button\" href=\"https:\/\/api.whatsapp.com\/send?phone=358401827080&amp;text=Hei%2C%20l%C3%B6ysin%20sinut%20nettisivuiltasi.\" style=\"background-color:#25D366;color:#fff\" target=\"_blank\" rel=\"noopener noreferrer\">WhatsApp<\/a><\/div>\n<\/div>\n\n\n\n<div style=\"height:14px\" aria-hidden=\"true\" class=\"wp-block-spacer\"><\/div>\n\n\n\n<div class=\"wp-block-group is-vertical is-content-justification-center is-layout-flex wp-container-core-group-is-layout-ce155fab wp-block-group-is-layout-flex\">\n<div class=\"wp-block-group has-global-padding is-layout-constrained wp-block-group-is-layout-constrained\">\n<pre class=\"wp-block-preformatted has-manrope-font-family\" style=\"border-style:none;border-width:0px;padding-top:0;padding-bottom:0\">Fairytale Leather<br>Y-tunnus: 3588177-6<br>Linnavuorentie 28 B<br>37240 Linnavuori (Nokia)<\/pre>\n<\/div>\n<\/div>\n\n\n\n<div style=\"height:40px\" aria-hidden=\"true\" class=\"wp-block-spacer\"><\/div>\n\n\n\n<p class=\"has-text-align-center\">Olen avoinna sopimuksen mukaan, joten sovithan tapaamisen etuk\u00e4teen. Kiitos.<\/p>\n\n\n\n<div style=\"height:40px\" aria-hidden=\"true\" class=\"wp-block-spacer\"><\/div>\n\n\n\n<div class=\"wp-block-webfactory-map\"><div class=\"wp-block-webfactory-map\"><iframe loading=\"lazy\" title=\"Map\" width=\"100%\" height=\"380px\" src=\"https:\/\/www.google.com\/maps\/embed\/v1\/place?q=Linnavuorentie%2028B%2C%2037240%20Nokia&amp;maptype=roadmap&amp;zoom=10&amp;key=AIzaSyB3Pqm9ppJcWpEmBcnkJ3lhHu7EfP0YG8I\" frameborder=\"0\"><\/iframe><\/div><\/div>\n\n\n\n<div style=\"height:43px\" aria-hidden=\"true\" class=\"wp-block-spacer\"><\/div>\n\n\n\n<div class=\"wp-block-group has-global-padding is-layout-constrained wp-block-group-is-layout-constrained\">\n<h2 class=\"wp-block-heading\">Maksutavat kasvokkain<\/h2>\n\n\n\n<ul class=\"wp-block-list\">\n<li>Korttimaksu<\/li>\n\n\n\n<li>Mobilepay<\/li>\n\n\n\n<li>K\u00e4teinen<\/li>\n<\/ul>\n\n\n\n<ul class=\"wp-block-list\"><\/ul>\n\n\n\n<p><\/p>\n\n\n\n<h2 class=\"wp-block-heading\">J\u00e4t\u00e4&amp;Nouda -maksutavat<\/h2>\n\n\n\n<ul class=\"wp-block-list\">\n<li>Mobilepay<\/li>\n\n\n\n<li>SUMUP-maksulinkki (Google Pay, luotto-\/pankkikortti)<\/li>\n\n\n\n<li>Lasku\/tilisiirto (erikseen sovittaessa)<\/li>\n<\/ul>\n\n\n\n<pre class=\"wp-block-preformatted has-accent-4-color has-text-color has-link-color has-roboto-slab-font-family wp-elements-91e82bc33f81243b2eb333a511806584\">*** Klarna ja verkkopankit tulossa l\u00e4hiaikoina ***\n<\/pre>\n\n\n\n<div class=\"wp-block-media-text is-stacked-on-mobile\" style=\"grid-template-columns:30% auto\"><figure class=\"wp-block-media-text__media\"><img loading=\"lazy\" decoding=\"async\" width=\"723\" height=\"1024\" src=\"https:\/\/fairytaleleather.fi\/site\/wp-content\/uploads\/2026\/02\/MP-QR-nettiin-34124-1-723x1024.png\" alt=\"\" class=\"wp-image-694 size-full\" srcset=\"https:\/\/fairytaleleather.fi\/site\/wp-content\/uploads\/2026\/02\/MP-QR-nettiin-34124-1-723x1024.png 723w, https:\/\/fairytaleleather.fi\/site\/wp-content\/uploads\/2026\/02\/MP-QR-nettiin-34124-1-212x300.png 212w, https:\/\/fairytaleleather.fi\/site\/wp-content\/uploads\/2026\/02\/MP-QR-nettiin-34124-1-768x1088.png 768w, https:\/\/fairytaleleather.fi\/site\/wp-content\/uploads\/2026\/02\/MP-QR-nettiin-34124-1-1084x1536.png 1084w, https:\/\/fairytaleleather.fi\/site\/wp-content\/uploads\/2026\/02\/MP-QR-nettiin-34124-1-600x850.png 600w, https:\/\/fairytaleleather.fi\/site\/wp-content\/uploads\/2026\/02\/MP-QR-nettiin-34124-1.png 1302w\" sizes=\"auto, (max-width: 723px) 100vw, 723px\" \/><\/figure><div class=\"wp-block-media-text__content\">\n<h3 class=\"wp-block-heading\">Mobilepay-lyhytnumero<\/h3>\n\n\n\n<p>#34124<\/p>\n\n\n\n<p class=\"has-medium-font-size\"><a href=\"https:\/\/qr.mobilepay.fi\/vp\/19QdLMacp\">https:\/\/qr.mobilepay.fi\/vp\/19QdLMacp<\/a><\/p>\n<\/div><\/div>\n\n\n\n<div class=\"wp-block-media-text is-stacked-on-mobile\" style=\"grid-template-columns:30% auto\"><figure class=\"wp-block-media-text__media\"><img loading=\"lazy\" decoding=\"async\" width=\"776\" height=\"1024\" src=\"https:\/\/fairytaleleather.fi\/site\/wp-content\/uploads\/2026\/02\/SUMUP-jatanouda-qrcode-776x1024.png\" alt=\"\" class=\"wp-image-699 size-full\" srcset=\"https:\/\/fairytaleleather.fi\/site\/wp-content\/uploads\/2026\/02\/SUMUP-jatanouda-qrcode-776x1024.png 776w, https:\/\/fairytaleleather.fi\/site\/wp-content\/uploads\/2026\/02\/SUMUP-jatanouda-qrcode-227x300.png 227w, https:\/\/fairytaleleather.fi\/site\/wp-content\/uploads\/2026\/02\/SUMUP-jatanouda-qrcode-768x1013.png 768w, https:\/\/fairytaleleather.fi\/site\/wp-content\/uploads\/2026\/02\/SUMUP-jatanouda-qrcode-1164x1536.png 1164w, https:\/\/fairytaleleather.fi\/site\/wp-content\/uploads\/2026\/02\/SUMUP-jatanouda-qrcode-600x792.png 600w, https:\/\/fairytaleleather.fi\/site\/wp-content\/uploads\/2026\/02\/SUMUP-jatanouda-qrcode.png 1171w\" sizes=\"auto, (max-width: 776px) 100vw, 776px\" \/><\/figure><div class=\"wp-block-media-text__content\">\n<h3 class=\"wp-block-heading has-large-font-size\">SUMUP-maksulinkki<\/h3>\n\n\n\n<p class=\"has-medium-font-size\"><a href=\"https:\/\/pay.sumup.com\/b2c\/Q2HTQNGO\">https:\/\/pay.sumup.com\/b2c\/Q2HTQNGO<\/a><\/p>\n<\/div><\/div>\n\n\n\n<figure class=\"wp-block-image size-large\" style=\"margin-top:var(--wp--preset--spacing--50);margin-right:0;margin-bottom:var(--wp--preset--spacing--50);margin-left:0\"><img loading=\"lazy\" decoding=\"async\" width=\"1024\" height=\"460\" src=\"https:\/\/fairytaleleather.fi\/site\/wp-content\/uploads\/2026\/01\/MyyntipoytaElo-1024x460.png\" alt=\"\" class=\"wp-image-325\" srcset=\"https:\/\/fairytaleleather.fi\/site\/wp-content\/uploads\/2026\/01\/MyyntipoytaElo-1024x460.png 1024w, https:\/\/fairytaleleather.fi\/site\/wp-content\/uploads\/2026\/01\/MyyntipoytaElo-300x135.png 300w, https:\/\/fairytaleleather.fi\/site\/wp-content\/uploads\/2026\/01\/MyyntipoytaElo-768x345.png 768w, https:\/\/fairytaleleather.fi\/site\/wp-content\/uploads\/2026\/01\/MyyntipoytaElo-1536x690.png 1536w, https:\/\/fairytaleleather.fi\/site\/wp-content\/uploads\/2026\/01\/MyyntipoytaElo.png 2000w\" sizes=\"auto, (max-width: 1024px) 100vw, 1024px\" \/><\/figure>\n<\/div>\n","protected":false},"excerpt":{"rendered":"<p>Suutari Satu R\u00f6pp\u00e4nen \ud83d\udcde 040 182 7080 satumainen(at)fairytaleleather.fi Fairytale LeatherY-tunnus: 3588177-6Linnavuorentie 28 B37240 Linnavuori (Nokia) Olen avoinna sopimuksen mukaan, joten sovithan tapaamisen etuk\u00e4teen. Kiitos. Maksutavat kasvokkain J\u00e4t\u00e4&amp;Nouda -maksutavat *** Klarna ja verkkopankit tulossa l\u00e4hiaikoina *** Mobilepay-lyhytnumero #34124 https:\/\/qr.mobilepay.fi\/vp\/19QdLMacp SUMUP-maksulinkki https:\/\/pay.sumup.com\/b2c\/Q2HTQNGO<\/p>\n","protected":false},"author":2,"featured_media":0,"parent":0,"menu_order":0,"comment_status":"closed","ping_status":"closed","template":"","meta":{"slim_seo":{"title":"Ota yhteytt\u00e4 - Fairytale Leather - Satumainen SUUTARI","description":"Suutari Satu R\u00f6pp\u00e4nen \ud83d\udcde 040 182 7080 satumainen(at)fairytaleleather.fi Olen avoinna sopimuksen mukaan, joten sovithan tapaamisen etuk\u00e4teen. Kiitos. Maksutavat k"},"footnotes":""},"class_list":["post-193","page","type-page","status-publish","hentry"],"jetpack_sharing_enabled":true,"_links":{"self":[{"href":"https:\/\/fairytaleleather.fi\/site\/wp-json\/wp\/v2\/pages\/193","targetHints":{"allow":["GET"]}}],"collection":[{"href":"https:\/\/fairytaleleather.fi\/site\/wp-json\/wp\/v2\/pages"}],"about":[{"href":"https:\/\/fairytaleleather.fi\/site\/wp-json\/wp\/v2\/types\/page"}],"author":[{"embeddable":true,"href":"https:\/\/fairytaleleather.fi\/site\/wp-json\/wp\/v2\/users\/2"}],"replies":[{"embeddable":true,"href":"https:\/\/fairytaleleather.fi\/site\/wp-json\/wp\/v2\/comments?post=193"}],"version-history":[{"count":34,"href":"https:\/\/fairytaleleather.fi\/site\/wp-json\/wp\/v2\/pages\/193\/revisions"}],"predecessor-version":[{"id":736,"href":"https:\/\/fairytaleleather.fi\/site\/wp-json\/wp\/v2\/pages\/193\/revisions\/736"}],"wp:attachment":[{"href":"https:\/\/fairytaleleather.fi\/site\/wp-json\/wp\/v2\/media?parent=193"}],"curies":[{"name":"wp","href":"https:\/\/api.w.org\/{rel}","templated":true}]}}