{"id":8,"date":"2026-01-01T17:15:30","date_gmt":"2026-01-01T17:15:30","guid":{"rendered":"https:\/\/fairytaleleather.fi\/site\/silverstorm\/"},"modified":"2026-02-18T11:15:33","modified_gmt":"2026-02-18T09:15:33","slug":"silverstorm","status":"publish","type":"page","link":"https:\/\/fairytaleleather.fi\/site\/","title":{"rendered":"Satumainen Suutari"},"content":{"rendered":"\n<div class=\"wp-block-group has-global-padding is-layout-constrained wp-block-group-is-layout-constrained\">\n<div class=\"wp-block-group has-global-padding is-layout-constrained wp-block-group-is-layout-constrained\">\n<p class=\"has-base-color has-text-color has-link-color has-medium-font-size wp-elements-06d44865a9cd79062394d9dbf6f5f5dd\">Fairytale Leather on yhden naisen k\u00e4sity\u00f6yritys, jossa nahka taipuu k\u00e4ytt\u00f6esineiksi, uniikeiksi asusteiksi sek\u00e4 koruiksi ja yksil\u00f6llisiksi ratkaisuiksi. Valmistan my\u00f6s tuotteita kalannahasta sek\u00e4 tarjoan perinteisi\u00e4 suutarin korjauspalveluita.<\/p>\n\n\n\n<p class=\"has-medium-font-size\">Ty\u00f6tilani sijaitsee kotonani Nokian Linnavuoressa. Liikun aktiivisesti ymp\u00e4ri Pirkanmaata mm. Tampere, Nokia, Pirkkala, Yl\u00f6j\u00e4rvi, Kangasala, joten t\u00f6iden vastaanotto onnistuu sovittaessa vaikka kauppareissusi yhteyteen. Tarjoan mielell\u00e4ni tuotteitani ja palveluitani my\u00f6s muualle Suomeen. Ole rohkeasti yhteydess\u00e4, mik\u00e4li kiinnostuit.<\/p>\n\n\n\n<p class=\"has-medium-font-size\">Asiakasl\u00e4ht\u00f6inen palvelu, laadukas ty\u00f6nj\u00e4lki ja kest\u00e4v\u00e4 lopputulos ovat toiminnan ydin.<\/p>\n\n\n\n<p><\/p>\n\n\n\n<div class=\"wp-block-jetpack-markdown\"><p>\ud83d\udcde 040 182 7080<\/p>\n<\/div>\n\n\n\n<p><a href=\"mailto:satumainen@fairytaleleather.fi\">satumainen(at)fairytaleleather.fi<\/a><\/p>\n<\/div>\n<\/div>\n\n\n\n<ul class=\"wp-block-social-links has-visible-labels is-layout-flex wp-block-social-links-is-layout-flex\" style=\"margin-top:var(--wp--preset--spacing--20);margin-bottom:var(--wp--preset--spacing--20)\"><li class=\"wp-social-link wp-social-link-instagram  wp-block-social-link\"><a rel=\"noopener nofollow\" target=\"_blank\" href=\"https:\/\/www.instagram.com\/satumainen.fairytale\/\" class=\"wp-block-social-link-anchor\"><svg width=\"24\" height=\"24\" viewBox=\"0 0 24 24\" version=\"1.1\" xmlns=\"http:\/\/www.w3.org\/2000\/svg\" aria-hidden=\"true\" focusable=\"false\"><path d=\"M12,4.622c2.403,0,2.688,0.009,3.637,0.052c0.877,0.04,1.354,0.187,1.671,0.31c0.42,0.163,0.72,0.358,1.035,0.673 c0.315,0.315,0.51,0.615,0.673,1.035c0.123,0.317,0.27,0.794,0.31,1.671c0.043,0.949,0.052,1.234,0.052,3.637 s-0.009,2.688-0.052,3.637c-0.04,0.877-0.187,1.354-0.31,1.671c-0.163,0.42-0.358,0.72-0.673,1.035 c-0.315,0.315-0.615,0.51-1.035,0.673c-0.317,0.123-0.794,0.27-1.671,0.31c-0.949,0.043-1.233,0.052-3.637,0.052 s-2.688-0.009-3.637-0.052c-0.877-0.04-1.354-0.187-1.671-0.31c-0.42-0.163-0.72-0.358-1.035-0.673 c-0.315-0.315-0.51-0.615-0.673-1.035c-0.123-0.317-0.27-0.794-0.31-1.671C4.631,14.688,4.622,14.403,4.622,12 s0.009-2.688,0.052-3.637c0.04-0.877,0.187-1.354,0.31-1.671c0.163-0.42,0.358-0.72,0.673-1.035 c0.315-0.315,0.615-0.51,1.035-0.673c0.317-0.123,0.794-0.27,1.671-0.31C9.312,4.631,9.597,4.622,12,4.622 M12,3 C9.556,3,9.249,3.01,8.289,3.054C7.331,3.098,6.677,3.25,6.105,3.472C5.513,3.702,5.011,4.01,4.511,4.511 c-0.5,0.5-0.808,1.002-1.038,1.594C3.25,6.677,3.098,7.331,3.054,8.289C3.01,9.249,3,9.556,3,12c0,2.444,0.01,2.751,0.054,3.711 c0.044,0.958,0.196,1.612,0.418,2.185c0.23,0.592,0.538,1.094,1.038,1.594c0.5,0.5,1.002,0.808,1.594,1.038 c0.572,0.222,1.227,0.375,2.185,0.418C9.249,20.99,9.556,21,12,21s2.751-0.01,3.711-0.054c0.958-0.044,1.612-0.196,2.185-0.418 c0.592-0.23,1.094-0.538,1.594-1.038c0.5-0.5,0.808-1.002,1.038-1.594c0.222-0.572,0.375-1.227,0.418-2.185 C20.99,14.751,21,14.444,21,12s-0.01-2.751-0.054-3.711c-0.044-0.958-0.196-1.612-0.418-2.185c-0.23-0.592-0.538-1.094-1.038-1.594 c-0.5-0.5-1.002-0.808-1.594-1.038c-0.572-0.222-1.227-0.375-2.185-0.418C14.751,3.01,14.444,3,12,3L12,3z M12,7.378 c-2.552,0-4.622,2.069-4.622,4.622S9.448,16.622,12,16.622s4.622-2.069,4.622-4.622S14.552,7.378,12,7.378z M12,15 c-1.657,0-3-1.343-3-3s1.343-3,3-3s3,1.343,3,3S13.657,15,12,15z M16.804,6.116c-0.596,0-1.08,0.484-1.08,1.08 s0.484,1.08,1.08,1.08c0.596,0,1.08-0.484,1.08-1.08S17.401,6.116,16.804,6.116z\"><\/path><\/svg><span class=\"wp-block-social-link-label\">Instagram<\/span><\/a><\/li>\n\n<li class=\"wp-social-link wp-social-link-facebook  wp-block-social-link\"><a rel=\"noopener nofollow\" target=\"_blank\" href=\"https:\/\/www.facebook.com\/p\/Fairytale-Leather-61558577761225\/\" class=\"wp-block-social-link-anchor\"><svg width=\"24\" height=\"24\" viewBox=\"0 0 24 24\" version=\"1.1\" xmlns=\"http:\/\/www.w3.org\/2000\/svg\" aria-hidden=\"true\" focusable=\"false\"><path d=\"M12 2C6.5 2 2 6.5 2 12c0 5 3.7 9.1 8.4 9.9v-7H7.9V12h2.5V9.8c0-2.5 1.5-3.9 3.8-3.9 1.1 0 2.2.2 2.2.2v2.5h-1.3c-1.2 0-1.6.8-1.6 1.6V12h2.8l-.4 2.9h-2.3v7C18.3 21.1 22 17 22 12c0-5.5-4.5-10-10-10z\"><\/path><\/svg><span class=\"wp-block-social-link-label\">Facebook<\/span><\/a><\/li><\/ul>\n\n\n\n<div class=\"wp-block-jetpack-send-a-message\">\n<div class=\"wp-block-jetpack-whatsapp-button is-color-dark\"><a class=\"whatsapp-block__button\" href=\"https:\/\/api.whatsapp.com\/send?phone=358401827080&amp;text=Hei%2C%20l%C3%B6ysin%20sinut%20nettisivuiltasi.\" style=\"background-color:#25D366;color:#fff\" target=\"_blank\" rel=\"noopener noreferrer\">WhatsApp 0401827080<\/a><\/div>\n<\/div>\n\n\n\n<p><\/p>\n","protected":false},"excerpt":{"rendered":"<p>Fairytale Leather on yhden naisen k\u00e4sity\u00f6yritys, jossa nahka taipuu k\u00e4ytt\u00f6esineiksi, uniikeiksi asusteiksi sek\u00e4 koruiksi ja yksil\u00f6llisiksi ratkaisuiksi. Valmistan my\u00f6s tuotteita kalannahasta sek\u00e4 tarjoan perinteisi\u00e4 suutarin korjauspalveluita. Ty\u00f6tilani sijaitsee kotonani Nokian Linnavuoressa. Liikun aktiivisesti ymp\u00e4ri Pirkanmaata mm. Tampere, Nokia, Pirkkala, Yl\u00f6j\u00e4rvi, Kangasala, joten t\u00f6iden vastaanotto onnistuu sovittaessa vaikka kauppareissusi yhteyteen. Tarjoan mielell\u00e4ni tuotteitani ja palveluitani my\u00f6s [&hellip;]<\/p>\n","protected":false},"author":2,"featured_media":320,"parent":0,"menu_order":0,"comment_status":"closed","ping_status":"closed","template":"","meta":{"slim_seo":{"description":"Satumaiset nahkaty\u00f6t &amp; suutarin palvelut Nokian Linnavuoresta","title":"Fairytale Leather - Satumainen SUUTARI - Satumaiset nahkaty\u00f6t &amp; suutarin palvelut Nokian Linnavuoresta"},"footnotes":""},"class_list":["post-8","page","type-page","status-publish","has-post-thumbnail","hentry"],"jetpack_sharing_enabled":true,"_links":{"self":[{"href":"https:\/\/fairytaleleather.fi\/site\/wp-json\/wp\/v2\/pages\/8","targetHints":{"allow":["GET"]}}],"collection":[{"href":"https:\/\/fairytaleleather.fi\/site\/wp-json\/wp\/v2\/pages"}],"about":[{"href":"https:\/\/fairytaleleather.fi\/site\/wp-json\/wp\/v2\/types\/page"}],"author":[{"embeddable":true,"href":"https:\/\/fairytaleleather.fi\/site\/wp-json\/wp\/v2\/users\/2"}],"replies":[{"embeddable":true,"href":"https:\/\/fairytaleleather.fi\/site\/wp-json\/wp\/v2\/comments?post=8"}],"version-history":[{"count":24,"href":"https:\/\/fairytaleleather.fi\/site\/wp-json\/wp\/v2\/pages\/8\/revisions"}],"predecessor-version":[{"id":318,"href":"https:\/\/fairytaleleather.fi\/site\/wp-json\/wp\/v2\/pages\/8\/revisions\/318"}],"wp:featuredmedia":[{"embeddable":true,"href":"https:\/\/fairytaleleather.fi\/site\/wp-json\/wp\/v2\/media\/320"}],"wp:attachment":[{"href":"https:\/\/fairytaleleather.fi\/site\/wp-json\/wp\/v2\/media?parent=8"}],"curies":[{"name":"wp","href":"https:\/\/api.w.org\/{rel}","templated":true}]}}